{"id":9005,"date":"2022-05-27T22:28:03","date_gmt":"2022-05-27T22:28:03","guid":{"rendered":"https:\/\/www.bazarmerlin.com\/inicio\/?post_type=product&#038;p=9005"},"modified":"2022-12-15T22:34:42","modified_gmt":"2022-12-15T22:34:42","slug":"botanica-oculta-las-plantas-magicas-paracelso","status":"publish","type":"product","link":"https:\/\/www.bazarmerlin.com\/inicio\/producto\/botanica-oculta-las-plantas-magicas-paracelso\/","title":{"rendered":"Bot\u00e1nica Oculta &#8211; Las Plantas M\u00e1gicas &#8211; Paracelso"},"content":{"rendered":"<h3><strong>BOT\u00c1NICA OCULTA &#8211; LAS PLANTAS M\u00c1GICAS<\/strong><br \/>\n<strong>Autor: Paracelso<\/strong><\/h3>\n<p>&nbsp;<\/p>\n<p>N\u00famero de P\u00e1ginas 230<\/p>\n<p>Nombre simb\u00f3lico adoptado por el m\u00e1s grande ocultista de los tiempos medievales, Felipe Bombast Aurelio, Teofrasto de Hohenheim, nacido en Eissideln, cant\u00f3n de Z\u00farich, en 1493.<\/p>\n<p>Fue el m\u00e1s h\u00e1bil m\u00e9dico de si tiempo y el m\u00e1s renombrado por la curaci\u00f3n de casi todas las dolencias mediante la virtud de talismanes que el mismo preparaba. Jam\u00e1s tuvo un amigo, antes al contrario, estaba rodeado de enemigos, de los cuales los m\u00e1s ac\u00e9rrimos eran los eclesi\u00e1sticos.<\/p>\n<p>Muri\u00f3 en Salzburgo, dejando a la posteridad numerosas obras que son a\u00fan hoy d\u00eda altamente apreciadas por los cabalistas y ocultistas.<\/p>\n<p>&nbsp;<\/p>\n<p>&nbsp;<\/p>\n<p>&nbsp;<\/p>\n<p><strong>BAZAR MERL\u00cdN\u00ae<\/strong><br \/>\n<strong>El Lugar M\u00e1s M\u00edstico de Guadalajara<\/strong><br \/>\n<strong>ENVIAMOS A TODO M\u00c9XICO<\/strong><\/p>\n<!-- AddThis Advanced Settings generic via filter on the_content --><!-- AddThis Share Buttons generic via filter on the_content -->","protected":false},"excerpt":{"rendered":"<p>BOT\u00c1NICA OCULTA &#8211; LAS PLANTAS M\u00c1GICAS Autor: Paracelso &nbsp; N\u00famero de P\u00e1ginas 230 Nombre simb\u00f3lico adoptado por el m\u00e1s grande ocultista de los tiempos medievales, Felipe Bombast Aurelio, Teofrasto de Hohenheim, nacido en Eissideln, cant\u00f3n de Z\u00farich, en 1493. Fue el m\u00e1s h\u00e1bil m\u00e9dico de si tiempo y el m\u00e1s renombrado por la curaci\u00f3n de&hellip;<!-- AddThis Advanced Settings generic via filter on get_the_excerpt --><!-- AddThis Share Buttons generic via filter on get_the_excerpt --><\/p>\n","protected":false},"featured_media":11099,"template":"","meta":[],"product_cat":[13],"product_tag":[2073,2074,2075],"_links":{"self":[{"href":"https:\/\/www.bazarmerlin.com\/inicio\/wp-json\/wp\/v2\/product\/9005"}],"collection":[{"href":"https:\/\/www.bazarmerlin.com\/inicio\/wp-json\/wp\/v2\/product"}],"about":[{"href":"https:\/\/www.bazarmerlin.com\/inicio\/wp-json\/wp\/v2\/types\/product"}],"wp:featuredmedia":[{"embeddable":true,"href":"https:\/\/www.bazarmerlin.com\/inicio\/wp-json\/wp\/v2\/media\/11099"}],"wp:attachment":[{"href":"https:\/\/www.bazarmerlin.com\/inicio\/wp-json\/wp\/v2\/media?parent=9005"}],"wp:term":[{"taxonomy":"product_cat","embeddable":true,"href":"https:\/\/www.bazarmerlin.com\/inicio\/wp-json\/wp\/v2\/product_cat?post=9005"},{"taxonomy":"product_tag","embeddable":true,"href":"https:\/\/www.bazarmerlin.com\/inicio\/wp-json\/wp\/v2\/product_tag?post=9005"}],"curies":[{"name":"wp","href":"https:\/\/api.w.org\/{rel}","templated":true}]}}