{"id":901,"date":"2015-07-04T17:07:50","date_gmt":"2015-07-04T17:07:50","guid":{"rendered":"https:\/\/www.bazarmerlin.com\/inicio\/?post_type=product&#038;p=901"},"modified":"2022-10-11T21:16:56","modified_gmt":"2022-10-11T21:16:56","slug":"pentagramas-adheribles","status":"publish","type":"product","link":"https:\/\/www.bazarmerlin.com\/inicio\/producto\/pentagramas-adheribles\/","title":{"rendered":"Pentagramas Adheribles &#8211; 5 Piezas"},"content":{"rendered":"<p><strong>KIT DE 5 PENTAGRAMAS AUTOADHERIBLES<\/strong><\/p>\n<p>&nbsp;<\/p>\n<p>Ideal para proteger tu Casa, Negocio o Auto.<\/p>\n<p>Te preguntaras \u00bfPor que es tan poderoso?<\/p>\n<p>Porque Se Prepara Y Ritualiza Con Decretos Y Rituales De Alta Magia Que Le Ayudan A Aumentar Su Poder De Protecci\u00f3n contra da\u00f1os, envidias y cualquier tipo de TRABAJO DE MAGIA.<\/p>\n<p>Cada Kit Contiene<br \/>\n-10 Pentagramas (8cm Diametro)<br \/>\n-Diferentes Colores<br \/>\n-Ritualizados<\/p>\n<p>EL TETRAGRAMATON:<br \/>\nEs un s\u00ecmbolo sumamente poderoso, tambi\u00e8n conocido como pentagrama es\u00f2terico, representa el dominio del esp\u00ecritu sobre los elementos. La palabra Tetragr\u00e0maton es el nombre de la divinidad YHVH que en espa\u00f1ol es DIOS. Dentro de este s\u00ecmbolo existen otros como la espada, que corta lo negativo; el b\u00e0culo, que da poder, para darnos fortaleza; la copa, que representa el c\u00e0liz de la vida.<\/p>\n<p>\u00c8stos, a su vez, representan los cuatro elementos:<br \/>\n-Agua<br \/>\n-Viento<br \/>\n-Fuego<br \/>\n-Aire<\/p>\n<p>Los cuatro elementos que forman el todo. Representan tambi\u00e8n el macro y el micro cosmos, el hombre fuera del universo y el universo dentro del hombre. S\u00ecmbolo utilizado desde la antiguedad por magos y cabalistas.<br \/>\nSe utiliza para la protecci\u00f2n de negocios, casas y personas; aleja a los demonios, fantasmas y a la mala vibra, las envidias y las malas compa\u00f1\u00edas. Atrae la luz a nuestra vida.<\/p>\n<p>&nbsp;<\/p>\n<p>&nbsp;<\/p>\n<p><strong>BAZAR MERL\u00cdN<\/strong><br \/>\n<strong>El Lugar M\u00e1s M\u00edstico de Guadalajara<\/strong><br \/>\n<strong>ENVIAMOS A TODO M\u00c9XICO\u2026<\/strong><\/p>\n<!-- AddThis Advanced Settings generic via filter on the_content --><!-- AddThis Share Buttons generic via filter on the_content -->","protected":false},"excerpt":{"rendered":"<p>KIT DE 5 PENTAGRAMAS AUTOADHERIBLES &nbsp; Ideal para proteger tu Casa, Negocio o Auto. Te preguntaras \u00bfPor que es tan poderoso? Porque Se Prepara Y Ritualiza Con Decretos Y Rituales De Alta Magia Que Le Ayudan A Aumentar Su Poder De Protecci\u00f3n contra da\u00f1os, envidias y cualquier tipo de TRABAJO DE MAGIA. Cada Kit Contiene&hellip;<!-- AddThis Advanced Settings generic via filter on get_the_excerpt --><!-- AddThis Share Buttons generic via filter on get_the_excerpt --><\/p>\n","protected":false},"featured_media":10301,"template":"","meta":[],"product_cat":[14],"product_tag":[659],"_links":{"self":[{"href":"https:\/\/www.bazarmerlin.com\/inicio\/wp-json\/wp\/v2\/product\/901"}],"collection":[{"href":"https:\/\/www.bazarmerlin.com\/inicio\/wp-json\/wp\/v2\/product"}],"about":[{"href":"https:\/\/www.bazarmerlin.com\/inicio\/wp-json\/wp\/v2\/types\/product"}],"wp:featuredmedia":[{"embeddable":true,"href":"https:\/\/www.bazarmerlin.com\/inicio\/wp-json\/wp\/v2\/media\/10301"}],"wp:attachment":[{"href":"https:\/\/www.bazarmerlin.com\/inicio\/wp-json\/wp\/v2\/media?parent=901"}],"wp:term":[{"taxonomy":"product_cat","embeddable":true,"href":"https:\/\/www.bazarmerlin.com\/inicio\/wp-json\/wp\/v2\/product_cat?post=901"},{"taxonomy":"product_tag","embeddable":true,"href":"https:\/\/www.bazarmerlin.com\/inicio\/wp-json\/wp\/v2\/product_tag?post=901"}],"curies":[{"name":"wp","href":"https:\/\/api.w.org\/{rel}","templated":true}]}}