{"id":9014,"date":"2022-05-30T16:26:03","date_gmt":"2022-05-30T16:26:03","guid":{"rendered":"https:\/\/www.bazarmerlin.com\/inicio\/?post_type=product&#038;p=9014"},"modified":"2022-11-15T23:09:31","modified_gmt":"2022-11-15T23:09:31","slug":"talisman-escarabajo-de-la-suerte-en-bano-de-plata","status":"publish","type":"product","link":"https:\/\/www.bazarmerlin.com\/inicio\/producto\/talisman-escarabajo-de-la-suerte-en-bano-de-plata\/","title":{"rendered":"Talism\u00e1n Escarabajo De La Suerte En Ba\u00f1o De Plata"},"content":{"rendered":"<p><strong>TALISM\u00c1N ESCARABAJO DE LA SUERTE, REFORZADO <\/strong><br \/>\n<strong>CON PENTAGRAMA <\/strong><strong>EN BA\u00d1O DE PLATA<\/strong><\/p>\n<p><em>Di\u00e1metro Aproximado: 3.5 Cms.<\/em><\/p>\n<p>El s\u00edmbolo del escarabajo aparece muy asiduamente en jerogl\u00edficos, estatuas y esculturas, en las visitas a monumentos en Egipto veremos por todos lados la familiar representaci\u00f3n de la forma t\u00edpica del escarabajo, tanto en dibujos como en estatuas o en piedras.<\/p>\n<p>\u00bfQu\u00e9 significa? \u00bfCu\u00e1l es la relevancia de este s\u00edmbolo?<\/p>\n<p>El escarabajo ha sido divinizado durante el Antiguo Egipto, su forma se relacionaba con el dios Jepri en la representaci\u00f3n gr\u00e1fica (cuerpo humano y cara de escarabajo), sin embargo, normalmente, la gente se refer\u00eda al escarabajo como el Ra, el creador del universo, uno de los dioses m\u00e1s importantes del pante\u00f3n egipcio.<\/p>\n<p>La raz\u00f3n de que el escarabajo aparezca tantas veces representado en desde jerogl\u00edficos, hasta joyas, estatuas y grabados, se debe a la popular creencia de que era un amuleto de protecci\u00f3n en contra de las enfermedades y la muerte.<\/p>\n<p>&nbsp;<\/p>\n<p>&nbsp;<\/p>\n<p><strong>BAZAR MERLIN<\/strong><br \/>\n<strong>El Lugar M\u00e1s M\u00edstico de Guadalajara<\/strong><br \/>\n<strong>ENVIAMOS A TODO M\u00c9XICO<\/strong><\/p>\n<!-- AddThis Advanced Settings generic via filter on the_content --><!-- AddThis Share Buttons generic via filter on the_content -->","protected":false},"excerpt":{"rendered":"<p>TALISM\u00c1N ESCARABAJO DE LA SUERTE, REFORZADO CON PENTAGRAMA EN BA\u00d1O DE PLATA Di\u00e1metro Aproximado: 3.5 Cms. El s\u00edmbolo del escarabajo aparece muy asiduamente en jerogl\u00edficos, estatuas y esculturas, en las visitas a monumentos en Egipto veremos por todos lados la familiar representaci\u00f3n de la forma t\u00edpica del escarabajo, tanto en dibujos como en estatuas o&hellip;<!-- AddThis Advanced Settings generic via filter on get_the_excerpt --><!-- AddThis Share Buttons generic via filter on get_the_excerpt --><\/p>\n","protected":false},"featured_media":10754,"template":"","meta":[],"product_cat":[12],"product_tag":[2076],"_links":{"self":[{"href":"https:\/\/www.bazarmerlin.com\/inicio\/wp-json\/wp\/v2\/product\/9014"}],"collection":[{"href":"https:\/\/www.bazarmerlin.com\/inicio\/wp-json\/wp\/v2\/product"}],"about":[{"href":"https:\/\/www.bazarmerlin.com\/inicio\/wp-json\/wp\/v2\/types\/product"}],"wp:featuredmedia":[{"embeddable":true,"href":"https:\/\/www.bazarmerlin.com\/inicio\/wp-json\/wp\/v2\/media\/10754"}],"wp:attachment":[{"href":"https:\/\/www.bazarmerlin.com\/inicio\/wp-json\/wp\/v2\/media?parent=9014"}],"wp:term":[{"taxonomy":"product_cat","embeddable":true,"href":"https:\/\/www.bazarmerlin.com\/inicio\/wp-json\/wp\/v2\/product_cat?post=9014"},{"taxonomy":"product_tag","embeddable":true,"href":"https:\/\/www.bazarmerlin.com\/inicio\/wp-json\/wp\/v2\/product_tag?post=9014"}],"curies":[{"name":"wp","href":"https:\/\/api.w.org\/{rel}","templated":true}]}}