{"id":9032,"date":"2022-05-30T18:14:05","date_gmt":"2022-05-30T18:14:05","guid":{"rendered":"https:\/\/www.bazarmerlin.com\/inicio\/?post_type=product&#038;p=9032"},"modified":"2022-12-22T23:33:59","modified_gmt":"2022-12-22T23:33:59","slug":"manual-esoterico-de-celia-blanco-edicion-de-coleccion","status":"publish","type":"product","link":"https:\/\/www.bazarmerlin.com\/inicio\/producto\/manual-esoterico-de-celia-blanco-edicion-de-coleccion\/","title":{"rendered":"Manual Esot\u00e9rico De Celia Blanco &#8211; Edici\u00f3n De Colecci\u00f3n"},"content":{"rendered":"<p><strong>MANUAL ESOT\u00c9RICO<\/strong><br \/>\n<strong>EDICI\u00d3N DE COLECCI\u00d3N.<\/strong><\/p>\n<p>&nbsp;<\/p>\n<p>He aqu\u00ed un verdadero libro esot\u00e9rico. La autora, durante largo tiempo, ha logrado recopilar las mejores recetas y oraciones conocidas desde inmemorables tiempos. La labor acuciosa y exacta con que nos regala estos conocimientos es digna de admiraci\u00f3n, en aquellas personas creyentes y no creyentes.<\/p>\n<p>Libros de esoterismo se han escrito muchos, pero uno como \u00e9ste, que nos ense\u00f1a a hacerlo por nosotros mismos, con el conocimiento pleno de los materiales a usar, d\u00e1ndonos el significado de cada ingrediente,<br \/>\nesencias, aceites y otros&#8230; no hay ninguno.<\/p>\n<p>Debemos tomar en cuenta que cada uno de los componentes que aqu\u00ed se nos indican, f\u00e1cilmente se consiguen en todas las perfumer\u00edas y bot\u00e1nicas de su preferencia y en especial, en REPRESENTACIONES LOGA C.A.,<br \/>\nen Chacao, Zona Metropolitana de Caracas, Venezuela.<\/p>\n<p>Es oportuno dar las gracias a la autora de esta interesante obra, ya que podemos con calma, en el regazo de nuestro hogar,<br \/>\nbuscar quien nos ayude espiritualmente y a la vez,<br \/>\nresolver problemas y dudas que a veces nos acechan.<\/p>\n<p>Felicitamos a la Profesora Celia Blanco por brindarnos este maravilloso libro que tanta falta hac\u00eda, por su sabidur\u00eda, su elevaci\u00f3n y su sobrada importancia.<\/p>\n<p>&nbsp;<\/p>\n<p>&nbsp;<\/p>\n<p>&nbsp;<\/p>\n<p><strong>BAZAR MERL\u00cdN<\/strong><br \/>\n<strong>El Lugar M\u00e1s M\u00edstico de Guadalajara<\/strong><br \/>\n<strong>ENVIAMOS A TODO M\u00c9XICO<\/strong><\/p>\n<!-- AddThis Advanced Settings generic via filter on the_content --><!-- AddThis Share Buttons generic via filter on the_content -->","protected":false},"excerpt":{"rendered":"<p>MANUAL ESOT\u00c9RICO EDICI\u00d3N DE COLECCI\u00d3N. &nbsp; He aqu\u00ed un verdadero libro esot\u00e9rico. La autora, durante largo tiempo, ha logrado recopilar las mejores recetas y oraciones conocidas desde inmemorables tiempos. La labor acuciosa y exacta con que nos regala estos conocimientos es digna de admiraci\u00f3n, en aquellas personas creyentes y no creyentes. Libros de esoterismo se&hellip;<!-- AddThis Advanced Settings generic via filter on get_the_excerpt --><!-- AddThis Share Buttons generic via filter on get_the_excerpt --><\/p>\n","protected":false},"featured_media":11222,"template":"","meta":[],"product_cat":[13],"product_tag":[2088,2087],"_links":{"self":[{"href":"https:\/\/www.bazarmerlin.com\/inicio\/wp-json\/wp\/v2\/product\/9032"}],"collection":[{"href":"https:\/\/www.bazarmerlin.com\/inicio\/wp-json\/wp\/v2\/product"}],"about":[{"href":"https:\/\/www.bazarmerlin.com\/inicio\/wp-json\/wp\/v2\/types\/product"}],"wp:featuredmedia":[{"embeddable":true,"href":"https:\/\/www.bazarmerlin.com\/inicio\/wp-json\/wp\/v2\/media\/11222"}],"wp:attachment":[{"href":"https:\/\/www.bazarmerlin.com\/inicio\/wp-json\/wp\/v2\/media?parent=9032"}],"wp:term":[{"taxonomy":"product_cat","embeddable":true,"href":"https:\/\/www.bazarmerlin.com\/inicio\/wp-json\/wp\/v2\/product_cat?post=9032"},{"taxonomy":"product_tag","embeddable":true,"href":"https:\/\/www.bazarmerlin.com\/inicio\/wp-json\/wp\/v2\/product_tag?post=9032"}],"curies":[{"name":"wp","href":"https:\/\/api.w.org\/{rel}","templated":true}]}}