{"id":9086,"date":"2022-05-30T23:35:07","date_gmt":"2022-05-30T23:35:07","guid":{"rendered":"https:\/\/www.bazarmerlin.com\/inicio\/?post_type=product&#038;p=9086"},"modified":"2022-11-08T23:04:09","modified_gmt":"2022-11-08T23:04:09","slug":"medalla-italiana-de-san-benito-color-morado-y-chapa-de-oro","status":"publish","type":"product","link":"https:\/\/www.bazarmerlin.com\/inicio\/producto\/medalla-italiana-de-san-benito-color-morado-y-chapa-de-oro\/","title":{"rendered":"Medalla Italiana De San Benito &#8211; Color Morado Y Chapa De Oro"},"content":{"rendered":"<p><strong>MEDALLA ITALIANA DE SAN BENITO<\/strong><br \/>\n<em><strong>COLOR MORADO Y CHAPA DE ORO<\/strong><\/em><\/p>\n<p>Medida de 3 Cm de Di\u00e1metro<\/p>\n<p>EN 7 METALES VIRGENES<\/p>\n<p>-La Mejor Protecci\u00f3n Contra MALEFICIOS Y MALA SUERTE.-<\/p>\n<p>Esta hermosa medalla se encuentra por el frente con la imagen del santo patriarca y por la vuelta la cruz de san Benito con las letras iniciales de la siguiente oraci\u00f3n:<\/p>\n<p>crux sancti patris benedicti<br \/>\ncruz del santo padre benito<\/p>\n<p>crux sacra sit mihi lux<br \/>\nmi luz sea la cruz santa,<\/p>\n<p>non draco sit mihi dux<br \/>\nno sea el demonio mi gu\u00eda<\/p>\n<p>vade retro satana<br \/>\n\u00a1ap\u00e1rtate, satan\u00e1s!<\/p>\n<p>Numquam Suade Mihi Vana<br \/>\nNo sugieras cosas vanas,<\/p>\n<p>Sunt Mala Quae Libas<br \/>\nPues maldad es lo que brindas<\/p>\n<p>Ipse Venena Bibas<br \/>\nBebe t\u00fa mismo el veneno.<\/p>\n<p>La medalla de san Benito ha sido propagada por todo el mundo desde hace mas de 300 a\u00f1os por su gran poder y fuerza espiritual que tiene a quien la porte, especialmente portada por los monjes Benedictos, cubre por su eficacia ante cualquier demonio y sus manifestaciones; en defensa contra maleficios de cualquier genero, contra enfermedades, como previene cualquier tipo de accidente en casa, veh\u00edculos o negocios, ayuda atraer el \u00e9xito a quien la poder por el poder de su simbolog\u00eda.<\/p>\n<p>&nbsp;<\/p>\n<p>&nbsp;<\/p>\n<p>&nbsp;<\/p>\n<p><strong>BAZAR MERLIN\u00ae<\/strong><br \/>\n<strong>El Lugar M\u00e1s M\u00edstico de Guadalajara<\/strong><br \/>\n<strong>ENVIAMOS A TODO M\u00c9XICO<\/strong><\/p>\n<!-- AddThis Advanced Settings generic via filter on the_content --><!-- AddThis Share Buttons generic via filter on the_content -->","protected":false},"excerpt":{"rendered":"<p>MEDALLA ITALIANA DE SAN BENITO COLOR MORADO Y CHAPA DE ORO Medida de 3 Cm de Di\u00e1metro EN 7 METALES VIRGENES -La Mejor Protecci\u00f3n Contra MALEFICIOS Y MALA SUERTE.- Esta hermosa medalla se encuentra por el frente con la imagen del santo patriarca y por la vuelta la cruz de san Benito con las letras&hellip;<!-- AddThis Advanced Settings generic via filter on get_the_excerpt --><!-- AddThis Share Buttons generic via filter on get_the_excerpt --><\/p>\n","protected":false},"featured_media":10687,"template":"","meta":[],"product_cat":[12],"product_tag":[2120,2119],"_links":{"self":[{"href":"https:\/\/www.bazarmerlin.com\/inicio\/wp-json\/wp\/v2\/product\/9086"}],"collection":[{"href":"https:\/\/www.bazarmerlin.com\/inicio\/wp-json\/wp\/v2\/product"}],"about":[{"href":"https:\/\/www.bazarmerlin.com\/inicio\/wp-json\/wp\/v2\/types\/product"}],"wp:featuredmedia":[{"embeddable":true,"href":"https:\/\/www.bazarmerlin.com\/inicio\/wp-json\/wp\/v2\/media\/10687"}],"wp:attachment":[{"href":"https:\/\/www.bazarmerlin.com\/inicio\/wp-json\/wp\/v2\/media?parent=9086"}],"wp:term":[{"taxonomy":"product_cat","embeddable":true,"href":"https:\/\/www.bazarmerlin.com\/inicio\/wp-json\/wp\/v2\/product_cat?post=9086"},{"taxonomy":"product_tag","embeddable":true,"href":"https:\/\/www.bazarmerlin.com\/inicio\/wp-json\/wp\/v2\/product_tag?post=9086"}],"curies":[{"name":"wp","href":"https:\/\/api.w.org\/{rel}","templated":true}]}}