{"id":9093,"date":"2022-05-30T23:47:44","date_gmt":"2022-05-30T23:47:44","guid":{"rendered":"https:\/\/www.bazarmerlin.com\/inicio\/?post_type=product&#038;p=9093"},"modified":"2022-11-10T00:35:36","modified_gmt":"2022-11-10T00:35:36","slug":"pentagrama-con-cadena-de-obsequio-en-chapa-de-oro","status":"publish","type":"product","link":"https:\/\/www.bazarmerlin.com\/inicio\/producto\/pentagrama-con-cadena-de-obsequio-en-chapa-de-oro\/","title":{"rendered":"Pentagrama Con Cadena De Obsequio En Chapa De Oro"},"content":{"rendered":"<p><strong>PENTAGRAMA DIJE EN CHAPA DE ORO<\/strong><br \/>\n<em><strong>CON CADENA EN CHAPA DE ORO DE OBSEQUIO<\/strong><\/em><\/p>\n<p>&nbsp;<\/p>\n<p>Nota: el Modelo de Cadena puede variar segun la existencia<\/p>\n<p>Pentagrama dije en chapa de oro con cadena tambi\u00e9n en chapa de oro Excelente pieza muy fuerte para protecci\u00f3n.<\/p>\n<p>Ll\u00e9vate el paquete con env\u00edo gratis a toda la Rep\u00fablica Mexicana.<\/p>\n<p>TAMA\u00d1O APROXIMADO 3.4 CM DE ALTO<br \/>\n(CONTANDO DESDE EL PASA CADENAS)<\/p>\n<p>&nbsp;<\/p>\n<p><strong>BAZAR MERLIN<\/strong><br \/>\n<strong>El Lugar M\u00e1s M\u00edstico de Guadalajara<\/strong><br \/>\n<strong>ENVIAMOS A TODO M\u00c9XICO<\/strong><\/p>\n<!-- AddThis Advanced Settings generic via filter on the_content --><!-- AddThis Share Buttons generic via filter on the_content -->","protected":false},"excerpt":{"rendered":"<p>PENTAGRAMA DIJE EN CHAPA DE ORO CON CADENA EN CHAPA DE ORO DE OBSEQUIO &nbsp; Nota: el Modelo de Cadena puede variar segun la existencia Pentagrama dije en chapa de oro con cadena tambi\u00e9n en chapa de oro Excelente pieza muy fuerte para protecci\u00f3n. Ll\u00e9vate el paquete con env\u00edo gratis a toda la Rep\u00fablica Mexicana.&hellip;<!-- AddThis Advanced Settings generic via filter on get_the_excerpt --><!-- AddThis Share Buttons generic via filter on get_the_excerpt --><\/p>\n","protected":false},"featured_media":10703,"template":"","meta":[],"product_cat":[12],"product_tag":[2125],"_links":{"self":[{"href":"https:\/\/www.bazarmerlin.com\/inicio\/wp-json\/wp\/v2\/product\/9093"}],"collection":[{"href":"https:\/\/www.bazarmerlin.com\/inicio\/wp-json\/wp\/v2\/product"}],"about":[{"href":"https:\/\/www.bazarmerlin.com\/inicio\/wp-json\/wp\/v2\/types\/product"}],"wp:featuredmedia":[{"embeddable":true,"href":"https:\/\/www.bazarmerlin.com\/inicio\/wp-json\/wp\/v2\/media\/10703"}],"wp:attachment":[{"href":"https:\/\/www.bazarmerlin.com\/inicio\/wp-json\/wp\/v2\/media?parent=9093"}],"wp:term":[{"taxonomy":"product_cat","embeddable":true,"href":"https:\/\/www.bazarmerlin.com\/inicio\/wp-json\/wp\/v2\/product_cat?post=9093"},{"taxonomy":"product_tag","embeddable":true,"href":"https:\/\/www.bazarmerlin.com\/inicio\/wp-json\/wp\/v2\/product_tag?post=9093"}],"curies":[{"name":"wp","href":"https:\/\/api.w.org\/{rel}","templated":true}]}}