{"id":9132,"date":"2022-05-31T23:25:54","date_gmt":"2022-05-31T23:25:54","guid":{"rendered":"https:\/\/www.bazarmerlin.com\/inicio\/?post_type=product&#038;p=9132"},"modified":"2022-10-14T23:49:28","modified_gmt":"2022-10-14T23:49:28","slug":"wind-chime-campana-de-viento-de-seis-tubos-45-cms","status":"publish","type":"product","link":"https:\/\/www.bazarmerlin.com\/inicio\/producto\/wind-chime-campana-de-viento-de-seis-tubos-45-cms\/","title":{"rendered":"Wind Chime &#8211; Campana De Viento De Seis Tubos 45 Cms"},"content":{"rendered":"<p><strong>WIND CHIME DE SEIS TUBOS<\/strong><\/p>\n<p>Medida: 45 Cent\u00edmetros APROXIMADAMENTE<br \/>\n(de la madera superior a la madera inferior)<\/p>\n<p>NUESTRAS CAMPANAS DE VIENTO SON HECHAS UNA POR UNA, ARMONIZANDO CADA TUBO Y SU SONIDO PARTICULAR.<\/p>\n<p>El Wind Chime producir\u00e1 una energ\u00eda sonora circular que resulta sumamente protectora y curativa.<\/p>\n<p>El Wind Chime (campana de viento) puede tener un efecto sanador en la mente y en el cuerpo. La resonancia y la vibraci\u00f3n del sonido libera el stress y el bloqueo emocional en el cuerpo, y calma la mente, expandiendo el conocimiento consciente y la conexi\u00f3n con el esp\u00edritu. Los sonidos positivos del Wind Chime promueven la relajaci\u00f3n, reducen el enojo y la tensi\u00f3n. Se cree que el Wind Chime ayuda a fortalecer la conexi\u00f3n mente\/cuerpo\/esp\u00edritu, dejando una sensaci\u00f3n de paz. Tambi\u00e9n se dice que puede proporcionar balance y armon\u00eda a nuestro jard\u00edn y nuestra casa, y son especialmente recomendados por expertos en feng shui.<\/p>\n<p>TAMBI\u00c9N SE RECOMIENDA PARA ROMPER O<br \/>\nQUITAR TODA MALA ENERG\u00cdA, DA\u00d1O O BRUJER\u00cdA.<\/p>\n<p>&nbsp;<\/p>\n<p>&nbsp;<\/p>\n<p>&nbsp;<\/p>\n<p><strong>BAZAR MERLIN<\/strong><br \/>\n<strong>El Lugar M\u00e1s M\u00edstico de Guadalajara<\/strong><br \/>\n<strong>ENVIAMOS A TODO M\u00c9XICO<\/strong><\/p>\n<!-- AddThis Advanced Settings generic via filter on the_content --><!-- AddThis Share Buttons generic via filter on the_content -->","protected":false},"excerpt":{"rendered":"<p>WIND CHIME DE SEIS TUBOS Medida: 45 Cent\u00edmetros APROXIMADAMENTE (de la madera superior a la madera inferior) NUESTRAS CAMPANAS DE VIENTO SON HECHAS UNA POR UNA, ARMONIZANDO CADA TUBO Y SU SONIDO PARTICULAR. El Wind Chime producir\u00e1 una energ\u00eda sonora circular que resulta sumamente protectora y curativa. El Wind Chime (campana de viento) puede tener&hellip;<!-- AddThis Advanced Settings generic via filter on get_the_excerpt --><!-- AddThis Share Buttons generic via filter on get_the_excerpt --><\/p>\n","protected":false},"featured_media":10378,"template":"","meta":[],"product_cat":[14],"product_tag":[2149,1189],"_links":{"self":[{"href":"https:\/\/www.bazarmerlin.com\/inicio\/wp-json\/wp\/v2\/product\/9132"}],"collection":[{"href":"https:\/\/www.bazarmerlin.com\/inicio\/wp-json\/wp\/v2\/product"}],"about":[{"href":"https:\/\/www.bazarmerlin.com\/inicio\/wp-json\/wp\/v2\/types\/product"}],"wp:featuredmedia":[{"embeddable":true,"href":"https:\/\/www.bazarmerlin.com\/inicio\/wp-json\/wp\/v2\/media\/10378"}],"wp:attachment":[{"href":"https:\/\/www.bazarmerlin.com\/inicio\/wp-json\/wp\/v2\/media?parent=9132"}],"wp:term":[{"taxonomy":"product_cat","embeddable":true,"href":"https:\/\/www.bazarmerlin.com\/inicio\/wp-json\/wp\/v2\/product_cat?post=9132"},{"taxonomy":"product_tag","embeddable":true,"href":"https:\/\/www.bazarmerlin.com\/inicio\/wp-json\/wp\/v2\/product_tag?post=9132"}],"curies":[{"name":"wp","href":"https:\/\/api.w.org\/{rel}","templated":true}]}}