{"id":9171,"date":"2022-06-01T22:06:59","date_gmt":"2022-06-01T22:06:59","guid":{"rendered":"https:\/\/www.bazarmerlin.com\/inicio\/?post_type=product&#038;p=9171"},"modified":"2026-04-01T20:03:58","modified_gmt":"2026-04-01T20:03:58","slug":"aceite-saca-sal-quita-bloqueos-y-la-mala-suerte","status":"publish","type":"product","link":"https:\/\/www.bazarmerlin.com\/inicio\/producto\/aceite-saca-sal-quita-bloqueos-y-la-mala-suerte\/","title":{"rendered":"Aceite Saca Sal | Contra Mala Suerte y Energ\u00edas Negativas | Esot\u00e9rico Ritualizado | Limpieza Energ\u00e9tica, Protecci\u00f3n, Ba\u00f1os y Rituales de Descarga"},"content":{"rendered":"<p><strong>ACEITE SACA SAL &#8211; <\/strong><strong>LIMPIA LA NEGATIVIDAD<\/strong><\/p>\n<p>El Aceite Saca Sal es un remedio esot\u00e9rico poderoso usado para eliminar la mala suerte, cortar envidias, frenar energ\u00edas negativas y desbloquear caminos. Su nombre proviene del t\u00e9rmino popular &#8220;estar salado&#8221;, y est\u00e1 enfocado en retirar esas cargas energ\u00e9ticas que impiden el flujo natural de tu vida.<\/p>\n<p>Este aceite ritual puede usarse en ba\u00f1os de descarga, ungir velas, proteger objetos personales, potenciar amuletos o simplemente como parte de tu rutina espiritual.<\/p>\n<p>Cada frasco est\u00e1 elaborado artesanalmente con ingredientes ritualizados, pensado para ayudarte a volver al equilibrio y recuperar tu buena estrella. Cuando todo va mal, saca la sal.<\/p>\n<p>Es perfecto para combatir el MAL DE OJO Y LA ENVIDIA.<\/p>\n<p>&nbsp;<\/p>\n<p>&nbsp;<\/p>\n<p><strong>MERL\u00cdN<\/strong><\/p>\n<p><strong>El Lugar M\u00e1s M\u00edstico<\/strong><br \/>\n<strong>ENVIAMOS A TODO M\u00c9XICO&#8230;<\/strong><\/p>\n<!-- AddThis Advanced Settings generic via filter on the_content --><!-- AddThis Share Buttons generic via filter on the_content -->","protected":false},"excerpt":{"rendered":"<p>ACEITE SACA SAL &#8211; LIMPIA LA NEGATIVIDAD El Aceite Saca Sal es un remedio esot\u00e9rico poderoso usado para eliminar la mala suerte, cortar envidias, frenar energ\u00edas negativas y desbloquear caminos. Su nombre proviene del t\u00e9rmino popular &#8220;estar salado&#8221;, y est\u00e1 enfocado en retirar esas cargas energ\u00e9ticas que impiden el flujo natural de tu vida. Este&hellip;<!-- AddThis Advanced Settings generic via filter on get_the_excerpt --><!-- AddThis Share Buttons generic via filter on get_the_excerpt --><\/p>\n","protected":false},"featured_media":9172,"template":"","meta":[],"product_cat":[14],"product_tag":[2172,2173],"_links":{"self":[{"href":"https:\/\/www.bazarmerlin.com\/inicio\/wp-json\/wp\/v2\/product\/9171"}],"collection":[{"href":"https:\/\/www.bazarmerlin.com\/inicio\/wp-json\/wp\/v2\/product"}],"about":[{"href":"https:\/\/www.bazarmerlin.com\/inicio\/wp-json\/wp\/v2\/types\/product"}],"wp:featuredmedia":[{"embeddable":true,"href":"https:\/\/www.bazarmerlin.com\/inicio\/wp-json\/wp\/v2\/media\/9172"}],"wp:attachment":[{"href":"https:\/\/www.bazarmerlin.com\/inicio\/wp-json\/wp\/v2\/media?parent=9171"}],"wp:term":[{"taxonomy":"product_cat","embeddable":true,"href":"https:\/\/www.bazarmerlin.com\/inicio\/wp-json\/wp\/v2\/product_cat?post=9171"},{"taxonomy":"product_tag","embeddable":true,"href":"https:\/\/www.bazarmerlin.com\/inicio\/wp-json\/wp\/v2\/product_tag?post=9171"}],"curies":[{"name":"wp","href":"https:\/\/api.w.org\/{rel}","templated":true}]}}