{"id":9173,"date":"2022-06-01T22:12:22","date_gmt":"2022-06-01T22:12:22","guid":{"rendered":"https:\/\/www.bazarmerlin.com\/inicio\/?post_type=product&#038;p=9173"},"modified":"2022-06-08T23:42:50","modified_gmt":"2022-06-08T23:42:50","slug":"1-kilo-cuarzo-agata-rosa","status":"publish","type":"product","link":"https:\/\/www.bazarmerlin.com\/inicio\/producto\/1-kilo-cuarzo-agata-rosa\/","title":{"rendered":"1 Kilo Cuarzo \u00c1gata Rosa"},"content":{"rendered":"<p><strong>1 KILO DE \u00c1GATA ROSA<\/strong><\/p>\n<p>Armonia + Estabilidad + Amor<\/p>\n<p>Armoniza las energ\u00edas negativas y positivas, estabiliza el aura, elimina y transforma las energ\u00edas negativas, te brinda crecimiento espiritual y estabilidad interior, trabaja como polo a tierra. Es un poderoso calmante, te ayudara a superar la negatividad y la amargura, es \u00fatil para todo tipo de trauma emocional, tambi\u00e9n te ayudara con tu memoria y mejora la concentraci\u00f3n, adem\u00e1s de todo lo anterior promueve el amor entre padres e hijos.<\/p>\n<p>En cuanto a lo f\u00edsico te ayudara con el sistema digestivo, el sistema linf\u00e1tico, el p\u00e1ncreas, est\u00f3mago y \u00fatero, fortalece los vasos sangu\u00edneos, ayuda tambi\u00e9n con los trastornos de la piel. Col\u00f3calo en el abdomen o sobre el chakra del coraz\u00f3n para la aceptaci\u00f3n y el amor.<\/p>\n<p>La coloraci\u00f3n de este cristal no es natural, as\u00ed que es posible que el color cambie con el tiempo.<\/p>\n<p>Caracter\u00edsticas:<\/p>\n<p>Recibir\u00e1s 1 \u00c1gata Rosa.<br \/>\nChakras asociados: Coraz\u00f3n, Sacro, Ra\u00edz<\/p>\n<p>&nbsp;<\/p>\n<p>&nbsp;<\/p>\n<p>&nbsp;<\/p>\n<p><strong>BAZAR MERLIN<\/strong><br \/>\n<strong>El Lugar M\u00e1s M\u00edstico de Guadalajara<\/strong><br \/>\n<strong>ENVIAMOS A TODO M\u00c9XICO&#8230;<\/strong><\/p>\n<!-- AddThis Advanced Settings generic via filter on the_content --><!-- AddThis Share Buttons generic via filter on the_content -->","protected":false},"excerpt":{"rendered":"<p>1 KILO DE \u00c1GATA ROSA Armonia + Estabilidad + Amor Armoniza las energ\u00edas negativas y positivas, estabiliza el aura, elimina y transforma las energ\u00edas negativas, te brinda crecimiento espiritual y estabilidad interior, trabaja como polo a tierra. Es un poderoso calmante, te ayudara a superar la negatividad y la amargura, es \u00fatil para todo tipo&hellip;<!-- AddThis Advanced Settings generic via filter on get_the_excerpt --><!-- AddThis Share Buttons generic via filter on get_the_excerpt --><\/p>\n","protected":false},"featured_media":9174,"template":"","meta":[],"product_cat":[11],"product_tag":[],"_links":{"self":[{"href":"https:\/\/www.bazarmerlin.com\/inicio\/wp-json\/wp\/v2\/product\/9173"}],"collection":[{"href":"https:\/\/www.bazarmerlin.com\/inicio\/wp-json\/wp\/v2\/product"}],"about":[{"href":"https:\/\/www.bazarmerlin.com\/inicio\/wp-json\/wp\/v2\/types\/product"}],"wp:featuredmedia":[{"embeddable":true,"href":"https:\/\/www.bazarmerlin.com\/inicio\/wp-json\/wp\/v2\/media\/9174"}],"wp:attachment":[{"href":"https:\/\/www.bazarmerlin.com\/inicio\/wp-json\/wp\/v2\/media?parent=9173"}],"wp:term":[{"taxonomy":"product_cat","embeddable":true,"href":"https:\/\/www.bazarmerlin.com\/inicio\/wp-json\/wp\/v2\/product_cat?post=9173"},{"taxonomy":"product_tag","embeddable":true,"href":"https:\/\/www.bazarmerlin.com\/inicio\/wp-json\/wp\/v2\/product_tag?post=9173"}],"curies":[{"name":"wp","href":"https:\/\/api.w.org\/{rel}","templated":true}]}}