{"id":9185,"date":"2022-06-01T22:49:56","date_gmt":"2022-06-01T22:49:56","guid":{"rendered":"https:\/\/www.bazarmerlin.com\/inicio\/?post_type=product&#038;p=9185"},"modified":"2022-10-04T22:18:25","modified_gmt":"2022-10-04T22:18:25","slug":"jabon-flor-de-canela-atrae-salud-proteccion-amor-y-trabajo","status":"publish","type":"product","link":"https:\/\/www.bazarmerlin.com\/inicio\/producto\/jabon-flor-de-canela-atrae-salud-proteccion-amor-y-trabajo\/","title":{"rendered":"Jab\u00f3n Flor De Canela &#8211; Atrae Salud Protecci\u00f3n Amor Y Trabajo"},"content":{"rendered":"<p><strong>JAB\u00d3N FLOR DE CANELA\u00a0<\/strong><br \/>\n<em><strong>Atrae trabajo, amor, salud y protecci\u00f3n<\/strong><\/em><\/p>\n<p>Este poderoso jab\u00f3n por sustancias m\u00edsticas de ayudar a traer a tu persona protecci\u00f3n contra las malas vibras Como abrir las puertas y portones de la abundancia \u00a1s\u00f3lo utilizando todos los d\u00edas con mucha fe!.<\/p>\n<p>La canela es conocida desde tiempos muy antiguos por sus propiedades m\u00e1gicas para atraer riqueza. Su poder es la atracci\u00f3n del \u00e9xito y el poder que se utiliza ampliamente en los hechizos para atraer la riqueza y el dinero. Tambi\u00e9n se ha utilizado en los hechizos de deseo sexual para atracci\u00f3n del sexo opuesto por sus propiedades afrodis\u00edacas, as\u00ed como la atracci\u00f3n de amor por el poder magn\u00e9tico de la canela tambi\u00e9n se utiliza para hechizos de protecci\u00f3n para abrir puertas inventes a otros mundos.<\/p>\n<p>Atrae amor, dinero, proteccion y suerte en todo lo que emprendas. Elaborado con extracto natural de la India.<\/p>\n<p>Los Jabones Esot\u00e9ricos son preparados con productos, esencias y extractos especiales. Cuando tienes un problema que crees de dif\u00edcil soluci\u00f3n es bueno recurrir a los rituales de magia, estos siempre nos ayudan a lograr exitosamente los objetivos que queremos conseguir.<\/p>\n<p>Las limpiezas o rituales con jabones sirven para uso diario tanto del cuerpo como de las manos y toda tu energ\u00eda c\u00f3smica y aurica equilibrando tus chakras para as\u00ed cambiar de forma inmediata tu suerte. Su fabricaci\u00f3n y su composici\u00f3n son de forma 100% artesanal por lo que llevan la esencia y extracto natural para equilibrar tu energ\u00eda, en algunos jabones hierbas en su interior.<\/p>\n<p>&nbsp;<\/p>\n<p>&nbsp;<\/p>\n<p>&nbsp;<\/p>\n<p><strong>BAZAR MERLIN<\/strong><br \/>\n<strong>El Lugar M\u00e1s M\u00edstico de Guadalajara<\/strong><br \/>\n<strong>ENVIAMOS A TODO M\u00c9XICO<\/strong><\/p>\n<!-- AddThis Advanced Settings generic via filter on the_content --><!-- AddThis Share Buttons generic via filter on the_content -->","protected":false},"excerpt":{"rendered":"<p>JAB\u00d3N FLOR DE CANELA\u00a0 Atrae trabajo, amor, salud y protecci\u00f3n Este poderoso jab\u00f3n por sustancias m\u00edsticas de ayudar a traer a tu persona protecci\u00f3n contra las malas vibras Como abrir las puertas y portones de la abundancia \u00a1s\u00f3lo utilizando todos los d\u00edas con mucha fe!. La canela es conocida desde tiempos muy antiguos por sus&hellip;<!-- AddThis Advanced Settings generic via filter on get_the_excerpt --><!-- AddThis Share Buttons generic via filter on get_the_excerpt --><\/p>\n","protected":false},"featured_media":10240,"template":"","meta":[],"product_cat":[14],"product_tag":[2184,2183],"_links":{"self":[{"href":"https:\/\/www.bazarmerlin.com\/inicio\/wp-json\/wp\/v2\/product\/9185"}],"collection":[{"href":"https:\/\/www.bazarmerlin.com\/inicio\/wp-json\/wp\/v2\/product"}],"about":[{"href":"https:\/\/www.bazarmerlin.com\/inicio\/wp-json\/wp\/v2\/types\/product"}],"wp:featuredmedia":[{"embeddable":true,"href":"https:\/\/www.bazarmerlin.com\/inicio\/wp-json\/wp\/v2\/media\/10240"}],"wp:attachment":[{"href":"https:\/\/www.bazarmerlin.com\/inicio\/wp-json\/wp\/v2\/media?parent=9185"}],"wp:term":[{"taxonomy":"product_cat","embeddable":true,"href":"https:\/\/www.bazarmerlin.com\/inicio\/wp-json\/wp\/v2\/product_cat?post=9185"},{"taxonomy":"product_tag","embeddable":true,"href":"https:\/\/www.bazarmerlin.com\/inicio\/wp-json\/wp\/v2\/product_tag?post=9185"}],"curies":[{"name":"wp","href":"https:\/\/api.w.org\/{rel}","templated":true}]}}