{"id":9191,"date":"2022-06-01T23:05:55","date_gmt":"2022-06-01T23:05:55","guid":{"rendered":"https:\/\/www.bazarmerlin.com\/inicio\/?post_type=product&#038;p=9191"},"modified":"2023-08-19T00:52:07","modified_gmt":"2023-08-19T00:52:07","slug":"aceite-llama-clientes-para-tu-negocio-o-comercio","status":"publish","type":"product","link":"https:\/\/www.bazarmerlin.com\/inicio\/producto\/aceite-llama-clientes-para-tu-negocio-o-comercio\/","title":{"rendered":"Aceite Llama Clientes &#8211; Para Tu Negocio O Comercio"},"content":{"rendered":"<p><strong>ACEITE LLAMA CLIENTES<\/strong><br \/>\n<em><strong>CONSIGUE MUCHOS M\u00c1S CLIENTES CON ESTE ACEITE NATURAL.<\/strong><\/em><\/p>\n<p>El aceite Llama Clientes est\u00e1 indicado en casos donde alguien que posee un negocio o comercio quiere que le vaya mejor y ampliar su clientela.<\/p>\n<p>Tiene el poder de atraer a los clientes a tu negocio.<br \/>\nSi quieres tener m\u00e1s \u00e9xito y que tu desempe\u00f1o en tu comercio sea mayor y mejor d\u00eda a d\u00eda, puedes utilizar este aceite para beneficiarte.<\/p>\n<p>Ten en cuenta que hay muchas maneras de utilizarlo, puede ser aplicado en velas, velones, amuletos y otros objetos de rituales o tambi\u00e9n puedes utilizarlo para fregar el suelo o los muebles de tu trabajo o tu hogar.<\/p>\n<p>Te contamos cu\u00e1les son sus beneficios y c\u00f3mo debes usarlo para aprovechar todas sus propiedades.<\/p>\n<p>&nbsp;<\/p>\n<p><em>Usos y beneficios del aceite esot\u00e9rico Llama Clientes.<\/em><\/p>\n<ul>\n<li>Es un aceite elaborado artesanalmente.<\/li>\n<li>Puede usarse para ungir velas, velones, amuletos y otros objetos de ritual.<\/li>\n<li>Puede utilizarse en conjunto con otros polvos y sales esot\u00e9ricas para potenciar su eficacia.<\/li>\n<li>Est\u00e1 indicado para atraer clientes en tu negocio o comercio.<\/li>\n<li>Te servir\u00e1 para incrementar tus ventas.<\/li>\n<\/ul>\n<p>&nbsp;<\/p>\n<p>&nbsp;<\/p>\n<p><strong>BAZAR MERLIN<\/strong><br \/>\n<strong>El Lugar M\u00e1s M\u00edstico de Guadalajara<\/strong><br \/>\n<strong>ENVIAMOS A TODO M\u00c9XICO&#8230;<\/strong><\/p>\n<!-- AddThis Advanced Settings generic via filter on the_content --><!-- AddThis Share Buttons generic via filter on the_content -->","protected":false},"excerpt":{"rendered":"<p>ACEITE LLAMA CLIENTES CONSIGUE MUCHOS M\u00c1S CLIENTES CON ESTE ACEITE NATURAL. El aceite Llama Clientes est\u00e1 indicado en casos donde alguien que posee un negocio o comercio quiere que le vaya mejor y ampliar su clientela. Tiene el poder de atraer a los clientes a tu negocio. Si quieres tener m\u00e1s \u00e9xito y que tu&hellip;<!-- AddThis Advanced Settings generic via filter on get_the_excerpt --><!-- AddThis Share Buttons generic via filter on get_the_excerpt --><\/p>\n","protected":false},"featured_media":9192,"template":"","meta":[],"product_cat":[14],"product_tag":[2189,2190],"_links":{"self":[{"href":"https:\/\/www.bazarmerlin.com\/inicio\/wp-json\/wp\/v2\/product\/9191"}],"collection":[{"href":"https:\/\/www.bazarmerlin.com\/inicio\/wp-json\/wp\/v2\/product"}],"about":[{"href":"https:\/\/www.bazarmerlin.com\/inicio\/wp-json\/wp\/v2\/types\/product"}],"wp:featuredmedia":[{"embeddable":true,"href":"https:\/\/www.bazarmerlin.com\/inicio\/wp-json\/wp\/v2\/media\/9192"}],"wp:attachment":[{"href":"https:\/\/www.bazarmerlin.com\/inicio\/wp-json\/wp\/v2\/media?parent=9191"}],"wp:term":[{"taxonomy":"product_cat","embeddable":true,"href":"https:\/\/www.bazarmerlin.com\/inicio\/wp-json\/wp\/v2\/product_cat?post=9191"},{"taxonomy":"product_tag","embeddable":true,"href":"https:\/\/www.bazarmerlin.com\/inicio\/wp-json\/wp\/v2\/product_tag?post=9191"}],"curies":[{"name":"wp","href":"https:\/\/api.w.org\/{rel}","templated":true}]}}