{"id":9193,"date":"2022-06-01T23:12:12","date_gmt":"2022-06-01T23:12:12","guid":{"rendered":"https:\/\/www.bazarmerlin.com\/inicio\/?post_type=product&#038;p=9193"},"modified":"2022-06-20T21:33:07","modified_gmt":"2022-06-20T21:33:07","slug":"balsamo-riego-arrasa-todo-contra-salaciones-y-hechicerias","status":"publish","type":"product","link":"https:\/\/www.bazarmerlin.com\/inicio\/producto\/balsamo-riego-arrasa-todo-contra-salaciones-y-hechicerias\/","title":{"rendered":"B\u00e1lsamo Riego Arrasa Todo &#8211; Contra Salaciones Y Hechicer\u00edas"},"content":{"rendered":"<p><strong>B\u00c1LSAMO RIEGO FUERTE ARRASA TODO &#8211; CONTRA SALACIONES Y HECHICER\u00cdAS<\/strong><\/p>\n<p>B\u00e1lsamo de riego para despojar de toda la mala energ\u00eda, maldiciones, personas indeseables, hechizos y maldiciones que hayan echado a tus proyectos, propiedades, negocio o persona.<\/p>\n<p>Ayuda liberar de cualquier mala situaci\u00f3n y salir bien librado de los problemas legales.<\/p>\n<p>&nbsp;<\/p>\n<p>Uso esot\u00e9rico.<\/p>\n<p>&nbsp;<\/p>\n<p>&nbsp;<\/p>\n<p><strong>BAZAR MERLIN<\/strong><br \/>\n<strong>El Lugar M\u00e1s M\u00edstico de Guadalajara<\/strong><br \/>\n<strong>ENVIAMOS A TODO M\u00c9XICO\u2026<\/strong><\/p>\n<!-- AddThis Advanced Settings generic via filter on the_content --><!-- AddThis Share Buttons generic via filter on the_content -->","protected":false},"excerpt":{"rendered":"<p>B\u00c1LSAMO RIEGO FUERTE ARRASA TODO &#8211; CONTRA SALACIONES Y HECHICER\u00cdAS B\u00e1lsamo de riego para despojar de toda la mala energ\u00eda, maldiciones, personas indeseables, hechizos y maldiciones que hayan echado a tus proyectos, propiedades, negocio o persona. Ayuda liberar de cualquier mala situaci\u00f3n y salir bien librado de los problemas legales. &nbsp; Uso esot\u00e9rico. &nbsp; &nbsp;&hellip;<!-- AddThis Advanced Settings generic via filter on get_the_excerpt --><!-- AddThis Share Buttons generic via filter on get_the_excerpt --><\/p>\n","protected":false},"featured_media":9194,"template":"","meta":[],"product_cat":[14],"product_tag":[2191,2192],"_links":{"self":[{"href":"https:\/\/www.bazarmerlin.com\/inicio\/wp-json\/wp\/v2\/product\/9193"}],"collection":[{"href":"https:\/\/www.bazarmerlin.com\/inicio\/wp-json\/wp\/v2\/product"}],"about":[{"href":"https:\/\/www.bazarmerlin.com\/inicio\/wp-json\/wp\/v2\/types\/product"}],"wp:featuredmedia":[{"embeddable":true,"href":"https:\/\/www.bazarmerlin.com\/inicio\/wp-json\/wp\/v2\/media\/9194"}],"wp:attachment":[{"href":"https:\/\/www.bazarmerlin.com\/inicio\/wp-json\/wp\/v2\/media?parent=9193"}],"wp:term":[{"taxonomy":"product_cat","embeddable":true,"href":"https:\/\/www.bazarmerlin.com\/inicio\/wp-json\/wp\/v2\/product_cat?post=9193"},{"taxonomy":"product_tag","embeddable":true,"href":"https:\/\/www.bazarmerlin.com\/inicio\/wp-json\/wp\/v2\/product_tag?post=9193"}],"curies":[{"name":"wp","href":"https:\/\/api.w.org\/{rel}","templated":true}]}}