{"id":9198,"date":"2022-06-01T23:31:05","date_gmt":"2022-06-01T23:31:05","guid":{"rendered":"https:\/\/www.bazarmerlin.com\/inicio\/?post_type=product&#038;p=9198"},"modified":"2023-02-03T23:53:35","modified_gmt":"2023-02-03T23:53:35","slug":"locion-de-lavanda-relajante","status":"publish","type":"product","link":"https:\/\/www.bazarmerlin.com\/inicio\/producto\/locion-de-lavanda-relajante\/","title":{"rendered":"Loci\u00f3n De Lavanda &#8211; Relajante"},"content":{"rendered":"<p><strong>LOCI\u00d3N DE LAVANDA<\/strong><br \/>\n<em><strong>RELAJA Y TRAE PAZ A TU PERSONA Y AMBIENTE<\/strong><\/em><\/p>\n<p>&nbsp;<\/p>\n<p>Las propiedades m\u00e1gicas de la lavanda ayudan a las personas a la sanaci\u00f3n espiritual, a liberar bloqueos personales y tambi\u00e9n a afrontar los temores o miedos que pueden tener en la vida. Es efectiva para atacar el nerviosismo cr\u00f3nico, la ansiedad prolongada y el estr\u00e9s.<\/p>\n<p>Las propiedades m\u00e1gicas de la lavanda, siendo apreciada como una hierba arom\u00e1tica capaz de RELAJAR LA MENTE Y EL CUERPO DE LAS PERSONAS.<\/p>\n<p>Modo de Uso:<br \/>\nSe puede utilizar como loci\u00f3n corporal o rociar en casa o negocio.<\/p>\n<p>&nbsp;<\/p>\n<p>&nbsp;<\/p>\n<p><strong>BAZAR MERLIN\u00ae<\/strong><br \/>\n<strong>El Lugar M\u00e1s M\u00edstico de Guadalajara<\/strong><br \/>\n<strong>ENVIAMOS A TODO M\u00c9XICO<\/strong><\/p>\n<!-- AddThis Advanced Settings generic via filter on the_content --><!-- AddThis Share Buttons generic via filter on the_content -->","protected":false},"excerpt":{"rendered":"<p>LOCI\u00d3N DE LAVANDA RELAJA Y TRAE PAZ A TU PERSONA Y AMBIENTE &nbsp; Las propiedades m\u00e1gicas de la lavanda ayudan a las personas a la sanaci\u00f3n espiritual, a liberar bloqueos personales y tambi\u00e9n a afrontar los temores o miedos que pueden tener en la vida. Es efectiva para atacar el nerviosismo cr\u00f3nico, la ansiedad prolongada&hellip;<!-- AddThis Advanced Settings generic via filter on get_the_excerpt --><!-- AddThis Share Buttons generic via filter on get_the_excerpt --><\/p>\n","protected":false},"featured_media":10977,"template":"","meta":[],"product_cat":[20],"product_tag":[2194,2195],"_links":{"self":[{"href":"https:\/\/www.bazarmerlin.com\/inicio\/wp-json\/wp\/v2\/product\/9198"}],"collection":[{"href":"https:\/\/www.bazarmerlin.com\/inicio\/wp-json\/wp\/v2\/product"}],"about":[{"href":"https:\/\/www.bazarmerlin.com\/inicio\/wp-json\/wp\/v2\/types\/product"}],"wp:featuredmedia":[{"embeddable":true,"href":"https:\/\/www.bazarmerlin.com\/inicio\/wp-json\/wp\/v2\/media\/10977"}],"wp:attachment":[{"href":"https:\/\/www.bazarmerlin.com\/inicio\/wp-json\/wp\/v2\/media?parent=9198"}],"wp:term":[{"taxonomy":"product_cat","embeddable":true,"href":"https:\/\/www.bazarmerlin.com\/inicio\/wp-json\/wp\/v2\/product_cat?post=9198"},{"taxonomy":"product_tag","embeddable":true,"href":"https:\/\/www.bazarmerlin.com\/inicio\/wp-json\/wp\/v2\/product_tag?post=9198"}],"curies":[{"name":"wp","href":"https:\/\/api.w.org\/{rel}","templated":true}]}}