{"id":9206,"date":"2022-06-01T23:47:21","date_gmt":"2022-06-01T23:47:21","guid":{"rendered":"https:\/\/www.bazarmerlin.com\/inicio\/?post_type=product&#038;p=9206"},"modified":"2024-03-25T23:05:06","modified_gmt":"2024-03-25T23:05:06","slug":"jabon-de-mandarina-2-pzas-abundancia-y-prosperidad","status":"publish","type":"product","link":"https:\/\/www.bazarmerlin.com\/inicio\/producto\/jabon-de-mandarina-2-pzas-abundancia-y-prosperidad\/","title":{"rendered":"Jab\u00f3n De Mandarina &#8211; 2 Pzas &#8211; Abundancia Y Prosperidad"},"content":{"rendered":"<p><strong>2 PIEZAS DE JAB\u00d3N DE MANDARINA<\/strong><br \/>\n<strong>Abundancia, Trabajo y Prosperidad.<\/strong><\/p>\n<p>Cada vez que emprenda cualquier acci\u00f3n para obtener suerte, use este Jab\u00f3n y la fortuna le ser\u00e1 propicia en todas las actividades de su vida.<br \/>\nya que este Jab\u00f3n corta cualquier bloqueo que tenga la persona y logra atraer buena suerte y oportunidades.<\/p>\n<p>Con mucha FE, debe repetir la Oraci\u00f3n que viene en la caja:<\/p>\n<p>Se\u00f1or Todo Poderoso postrado ante tu altar, TE PIDO LLENO DE FE,<br \/>\nQue bendigas mi salario que honradamente gano con el sudor de mi frente y hagas que me rinda y se multiplique como lo hizo tu hijo Jes\u00fas, aquella vez en quede un cesto donde solo hab\u00eda tres peces, milagrosamente se multiplicaron y se pudo dar de comer a todos los que escuchaban la palabra de tu hijo, de esa manera yo te pido, Gran Dios, que hagas que mi dinero rinda y se multiplique para poder darle a mis hijos el pan de cada d\u00eda.<br \/>\nAm\u00e9n.<\/p>\n<p>Hecho con esencias para abrir caminos y oportunidades.<\/p>\n<p>&nbsp;<\/p>\n<p>&nbsp;<\/p>\n<p><strong>BAZAR MERLIN\u00ae<\/strong><br \/>\n<strong>El Lugar M\u00e1s M\u00edstico de Guadalajara<\/strong><br \/>\n<strong>ENVIAMOS A TODO M\u00c9XICO<\/strong><\/p>\n<!-- AddThis Advanced Settings generic via filter on the_content --><!-- AddThis Share Buttons generic via filter on the_content -->","protected":false},"excerpt":{"rendered":"<p>2 PIEZAS DE JAB\u00d3N DE MANDARINA Abundancia, Trabajo y Prosperidad. Cada vez que emprenda cualquier acci\u00f3n para obtener suerte, use este Jab\u00f3n y la fortuna le ser\u00e1 propicia en todas las actividades de su vida. ya que este Jab\u00f3n corta cualquier bloqueo que tenga la persona y logra atraer buena suerte y oportunidades. Con mucha&hellip;<!-- AddThis Advanced Settings generic via filter on get_the_excerpt --><!-- AddThis Share Buttons generic via filter on get_the_excerpt --><\/p>\n","protected":false},"featured_media":9207,"template":"","meta":[],"product_cat":[14],"product_tag":[650,1469],"_links":{"self":[{"href":"https:\/\/www.bazarmerlin.com\/inicio\/wp-json\/wp\/v2\/product\/9206"}],"collection":[{"href":"https:\/\/www.bazarmerlin.com\/inicio\/wp-json\/wp\/v2\/product"}],"about":[{"href":"https:\/\/www.bazarmerlin.com\/inicio\/wp-json\/wp\/v2\/types\/product"}],"wp:featuredmedia":[{"embeddable":true,"href":"https:\/\/www.bazarmerlin.com\/inicio\/wp-json\/wp\/v2\/media\/9207"}],"wp:attachment":[{"href":"https:\/\/www.bazarmerlin.com\/inicio\/wp-json\/wp\/v2\/media?parent=9206"}],"wp:term":[{"taxonomy":"product_cat","embeddable":true,"href":"https:\/\/www.bazarmerlin.com\/inicio\/wp-json\/wp\/v2\/product_cat?post=9206"},{"taxonomy":"product_tag","embeddable":true,"href":"https:\/\/www.bazarmerlin.com\/inicio\/wp-json\/wp\/v2\/product_tag?post=9206"}],"curies":[{"name":"wp","href":"https:\/\/api.w.org\/{rel}","templated":true}]}}