{"id":9220,"date":"2022-06-02T18:07:19","date_gmt":"2022-06-02T18:07:19","guid":{"rendered":"https:\/\/www.bazarmerlin.com\/inicio\/?post_type=product&#038;p=9220"},"modified":"2022-06-22T00:05:28","modified_gmt":"2022-06-22T00:05:28","slug":"velon-arcangel-chamuel-para-atraer-suerte-en-el-amor","status":"publish","type":"product","link":"https:\/\/www.bazarmerlin.com\/inicio\/producto\/velon-arcangel-chamuel-para-atraer-suerte-en-el-amor\/","title":{"rendered":"Velon Arcangel Chamuel &#8211; Para Atraer Suerte En El Amor"},"content":{"rendered":"<p><strong>VELON IMPORTADO DEL ARCANGEL CHAMUEL<\/strong><br \/>\n<em><strong>(Atrae Suerte en el Amor)<\/strong><\/em><\/p>\n<p>&nbsp;<\/p>\n<p>Chamuel, cuyo nombre significa \u201cEl que ve a Dios\u201d o \u201cEl que busca a Dios\u201d, es el arc\u00e1ngel del amor. \u00c9l ayuda a las personas deprimidas por la soledad o el desamor y fomenta en los seres humanos la gratitud hacia Dios y el amor incondicional y desinteresado. Dicen que, de entre todos los arc\u00e1ngeles, \u00e9l es el m\u00e1s dulce y cari\u00f1oso.<\/p>\n<p>PRENDELO CON FE Y REALIZA LA SIGUIENTE ORACION VISUALIZANDO LOS CAMBIOS AMAOROSOS QUE DESEAS A TRAER A TU VIDA DE UNA VEZ POR TODAS PARA QUE SE MATERIALICEN Y SE CUMPLAN CON LA GRACIA DEL ARCANGEL CHAMUEL.<\/p>\n<p>Oraci\u00f3n al Arc\u00e1ngel Chamuel muy poderosa:<\/p>\n<p>Amado Creador de Todo lo Que Es,<br \/>\npido la amorosa energ\u00eda del Arc\u00e1ngel Chamuel<br \/>\npara mi mayor y m\u00e1s alto beneficio y dentro de Tu voluntad.<br \/>\nArc\u00e1ngel Chamuel, \u00a1llamo tu dulce presencia y me contento en ti!<br \/>\nTe pido que desarrolles en m\u00ed la fuerza infinita de mi coraz\u00f3n para amar<br \/>\ny para permitir el amor y la armon\u00eda en mi vida.Aumenta la alegr\u00eda, la buena<br \/>\ncomunicaci\u00f3n y el amor en todas mis relaciones, desde las m\u00e1s peque\u00f1as,<br \/>\nhasta las m\u00e1s importantes.Ac\u00f3geme en tus alas divinas y ay\u00fadame a abrirme<br \/>\nal amor y a resolver estas situaciones conflictivas:<br \/>\n(nombre aqu\u00ed cualquier conflicto que tenga con los dem\u00e1s).<br \/>\nQue mis pensamientos, mis acciones y mis palabras reflejen<br \/>\nla generosidad de coraz\u00f3n, la compasi\u00f3n y el respeto por los<br \/>\ndem\u00e1s y por m\u00ed mismo. Sean todos mis sue\u00f1os, mis proyectos,<br \/>\nmis relaciones y mi existir encendidos desde la llama sagrada del amor.<br \/>\nQue mi luz y mi amor viajen y se expandan por donde quiera que yo vaya.<br \/>\nGracias, gracias, gracias<\/p>\n<p>&nbsp;<\/p>\n<p>&nbsp;<\/p>\n<p><strong>BAZAR MERL\u00cdN<\/strong><br \/>\n<strong>El Lugar M\u00e1s M\u00edstico de Guadalajara<\/strong><br \/>\n<strong>ENVIAMOS A TODO M\u00c9XICO&#8230;<\/strong><\/p>\n<!-- AddThis Advanced Settings generic via filter on the_content --><!-- AddThis Share Buttons generic via filter on the_content -->","protected":false},"excerpt":{"rendered":"<p>VELON IMPORTADO DEL ARCANGEL CHAMUEL (Atrae Suerte en el Amor) &nbsp; Chamuel, cuyo nombre significa \u201cEl que ve a Dios\u201d o \u201cEl que busca a Dios\u201d, es el arc\u00e1ngel del amor. \u00c9l ayuda a las personas deprimidas por la soledad o el desamor y fomenta en los seres humanos la gratitud hacia Dios y el&hellip;<!-- AddThis Advanced Settings generic via filter on get_the_excerpt --><!-- AddThis Share Buttons generic via filter on get_the_excerpt --><\/p>\n","protected":false},"featured_media":9221,"template":"","meta":[],"product_cat":[19],"product_tag":[2206,2205],"_links":{"self":[{"href":"https:\/\/www.bazarmerlin.com\/inicio\/wp-json\/wp\/v2\/product\/9220"}],"collection":[{"href":"https:\/\/www.bazarmerlin.com\/inicio\/wp-json\/wp\/v2\/product"}],"about":[{"href":"https:\/\/www.bazarmerlin.com\/inicio\/wp-json\/wp\/v2\/types\/product"}],"wp:featuredmedia":[{"embeddable":true,"href":"https:\/\/www.bazarmerlin.com\/inicio\/wp-json\/wp\/v2\/media\/9221"}],"wp:attachment":[{"href":"https:\/\/www.bazarmerlin.com\/inicio\/wp-json\/wp\/v2\/media?parent=9220"}],"wp:term":[{"taxonomy":"product_cat","embeddable":true,"href":"https:\/\/www.bazarmerlin.com\/inicio\/wp-json\/wp\/v2\/product_cat?post=9220"},{"taxonomy":"product_tag","embeddable":true,"href":"https:\/\/www.bazarmerlin.com\/inicio\/wp-json\/wp\/v2\/product_tag?post=9220"}],"curies":[{"name":"wp","href":"https:\/\/api.w.org\/{rel}","templated":true}]}}