{"id":9456,"date":"2022-07-19T21:33:45","date_gmt":"2022-07-19T21:33:45","guid":{"rendered":"https:\/\/www.bazarmerlin.com\/inicio\/?post_type=product&#038;p=9456"},"modified":"2024-02-20T19:40:56","modified_gmt":"2024-02-20T19:40:56","slug":"jabon-lluvia-de-suerte-salud-amor-dinero-y-en-todo","status":"publish","type":"product","link":"https:\/\/www.bazarmerlin.com\/inicio\/producto\/jabon-lluvia-de-suerte-salud-amor-dinero-y-en-todo\/","title":{"rendered":"Jab\u00f3n Lluvia De Suerte &#8211; Salud, Amor, Dinero Y En Todo"},"content":{"rendered":"<p><strong>JAB\u00d3N LLUVIA DE SUERTE<\/strong><\/p>\n<p>&nbsp;<\/p>\n<p>PARA ATRAER PROSPERIDAD, AMOR, SALUD Y<br \/>\nSUERTE EN TODO.<\/p>\n<p>Jab\u00f3n lluvia de suerte te ayuda a alcanzar todas tus metas de manera m\u00e1s f\u00e1cil para vez que emprendes cualquier acci\u00f3n para obtener \u00e9xito este jab\u00f3n y la fortuna le ser\u00e1 propicia en todas las actividades de su vida s\u00f3lo tiene que ba\u00f1arse con este poderoso jab\u00f3n y decir la oraci\u00f3n de su preferencia para atraer salud, dinero, amor, suerte, felicidad, poder y \u00e9xito.<\/p>\n<p>Fr\u00f3telo suavemente sobre su cuerpo y repita su oraci\u00f3n o frase favorita<\/p>\n<p>Los Jabones Esot\u00e9ricos son preparados con productos, esencias y extractos especiales. Cuando tienes un problema que crees de dif\u00edcil soluci\u00f3n es bueno recurrir a los rituales de magia, estos siempre nos ayudan a lograr exitosamente los objetivos que queremos conseguir.<\/p>\n<p>&nbsp;<\/p>\n<p>&nbsp;<\/p>\n<p><strong>BAZAR MERLIN<\/strong><br \/>\n<strong>El Lugar M\u00e1s M\u00edstico de Guadalajara<\/strong><br \/>\n<strong>ENVIAMOS A TODO M\u00c9XICO\u2026<\/strong><\/p>\n<!-- AddThis Advanced Settings generic via filter on the_content --><!-- AddThis Share Buttons generic via filter on the_content -->","protected":false},"excerpt":{"rendered":"<p>JAB\u00d3N LLUVIA DE SUERTE &nbsp; PARA ATRAER PROSPERIDAD, AMOR, SALUD Y SUERTE EN TODO. Jab\u00f3n lluvia de suerte te ayuda a alcanzar todas tus metas de manera m\u00e1s f\u00e1cil para vez que emprendes cualquier acci\u00f3n para obtener \u00e9xito este jab\u00f3n y la fortuna le ser\u00e1 propicia en todas las actividades de su vida s\u00f3lo tiene&hellip;<!-- AddThis Advanced Settings generic via filter on get_the_excerpt --><!-- AddThis Share Buttons generic via filter on get_the_excerpt --><\/p>\n","protected":false},"featured_media":9459,"template":"","meta":[],"product_cat":[14],"product_tag":[],"_links":{"self":[{"href":"https:\/\/www.bazarmerlin.com\/inicio\/wp-json\/wp\/v2\/product\/9456"}],"collection":[{"href":"https:\/\/www.bazarmerlin.com\/inicio\/wp-json\/wp\/v2\/product"}],"about":[{"href":"https:\/\/www.bazarmerlin.com\/inicio\/wp-json\/wp\/v2\/types\/product"}],"wp:featuredmedia":[{"embeddable":true,"href":"https:\/\/www.bazarmerlin.com\/inicio\/wp-json\/wp\/v2\/media\/9459"}],"wp:attachment":[{"href":"https:\/\/www.bazarmerlin.com\/inicio\/wp-json\/wp\/v2\/media?parent=9456"}],"wp:term":[{"taxonomy":"product_cat","embeddable":true,"href":"https:\/\/www.bazarmerlin.com\/inicio\/wp-json\/wp\/v2\/product_cat?post=9456"},{"taxonomy":"product_tag","embeddable":true,"href":"https:\/\/www.bazarmerlin.com\/inicio\/wp-json\/wp\/v2\/product_tag?post=9456"}],"curies":[{"name":"wp","href":"https:\/\/api.w.org\/{rel}","templated":true}]}}