{"id":9581,"date":"2023-02-28T05:15:05","date_gmt":"2023-02-28T05:15:05","guid":{"rendered":"https:\/\/www.bazarmerlin.com\/inicio\/?post_type=product&#038;p=9581"},"modified":"2024-11-09T19:33:42","modified_gmt":"2024-11-09T19:33:42","slug":"porta-inciensos-tipo-caja-con-simbolos-misticos","status":"publish","type":"product","link":"https:\/\/www.bazarmerlin.com\/inicio\/producto\/porta-inciensos-tipo-caja-con-simbolos-misticos\/","title":{"rendered":"Porta Inciensos Tipo Caja &#8211; Con S\u00edmbolos M\u00edsticos"},"content":{"rendered":"<p><strong>PORTA INCIENSOS TIPO CAJA<\/strong><br \/>\n<strong>CON S\u00cdMBOLOS M\u00cdSTICOS HECHO A MANO<\/strong><\/p>\n<p>&nbsp;<\/p>\n<p>Grabado con s\u00edmbolos m\u00edsticos de alto poder.<\/p>\n<p>OJO: EL COSTO SOLO INCLUYE UNA PIEZA.<\/p>\n<p>30 cent\u00edmetros de largo<\/p>\n<p>Bonito porta incienso para cualquier ambiente o decoraci\u00f3n, incrustaciones con figuras diferentes en FINO LAT\u00d3N, cada porta incienso de madera es para incienso en varitas, con finas incrustaciones de lat\u00f3n con formas de estrellas y s\u00edmbolos m\u00edsticos, HECHO TOTALMENTE A MANO en la INDIA.<\/p>\n<p>NOTA IMPORTANTE:<br \/>\npor ser pieza hecha totalmente a mano, el color, tallado y figuras pueden variar levemente por ser piezas VERDADERAMENTE ARTESANALES.<\/p>\n<p>OJO: EL COSTO SOLO INCLUYE UNA PIEZA.<\/p>\n<p>&nbsp;<\/p>\n<p>&nbsp;<\/p>\n<p><strong>BAZAR MERLIN<\/strong><br \/>\n<strong>El Lugar M\u00e1s M\u00edstico de Guadalajara<\/strong><br \/>\n<strong>ENVIAMOS A TODO M\u00c9XICO<\/strong><\/p>\n<!-- AddThis Advanced Settings generic via filter on the_content --><!-- AddThis Share Buttons generic via filter on the_content -->","protected":false},"excerpt":{"rendered":"<p>PORTA INCIENSOS TIPO CAJA CON S\u00cdMBOLOS M\u00cdSTICOS HECHO A MANO &nbsp; Grabado con s\u00edmbolos m\u00edsticos de alto poder. OJO: EL COSTO SOLO INCLUYE UNA PIEZA. 30 cent\u00edmetros de largo Bonito porta incienso para cualquier ambiente o decoraci\u00f3n, incrustaciones con figuras diferentes en FINO LAT\u00d3N, cada porta incienso de madera es para incienso en varitas, con&hellip;<!-- AddThis Advanced Settings generic via filter on get_the_excerpt --><!-- AddThis Share Buttons generic via filter on get_the_excerpt --><\/p>\n","protected":false},"featured_media":9583,"template":"","meta":[],"product_cat":[274],"product_tag":[],"_links":{"self":[{"href":"https:\/\/www.bazarmerlin.com\/inicio\/wp-json\/wp\/v2\/product\/9581"}],"collection":[{"href":"https:\/\/www.bazarmerlin.com\/inicio\/wp-json\/wp\/v2\/product"}],"about":[{"href":"https:\/\/www.bazarmerlin.com\/inicio\/wp-json\/wp\/v2\/types\/product"}],"wp:featuredmedia":[{"embeddable":true,"href":"https:\/\/www.bazarmerlin.com\/inicio\/wp-json\/wp\/v2\/media\/9583"}],"wp:attachment":[{"href":"https:\/\/www.bazarmerlin.com\/inicio\/wp-json\/wp\/v2\/media?parent=9581"}],"wp:term":[{"taxonomy":"product_cat","embeddable":true,"href":"https:\/\/www.bazarmerlin.com\/inicio\/wp-json\/wp\/v2\/product_cat?post=9581"},{"taxonomy":"product_tag","embeddable":true,"href":"https:\/\/www.bazarmerlin.com\/inicio\/wp-json\/wp\/v2\/product_tag?post=9581"}],"curies":[{"name":"wp","href":"https:\/\/api.w.org\/{rel}","templated":true}]}}